f(g)?
14
Let y(w) be the first derivative of 1 - 2*w**2 + 0*w - 1/24*w**4 + w**3. Let j(i) be the second derivative of y(i). What is j(6)?
0
Let d(a) = 6*a**2 - 4*a. Let f = -71 + 75. Let p(i) = -11*i**2 + 7*i + 1. Let h(s) = f*p(s) + 7*d(s). Give h(3).
-14
Let f(v) = -5*v**2 - 3*v + 16. Suppose -r + 3*n + 21 = 0, 0 = 3*r - 0*n + 3*n - 15. Let o(i) = -11*i**2 - 7*i + 33. Let u(a) = r*f(a) - 4*o(a). What is u(0)?
12
Let q(r) = -r**3 + 6*r**2 - 5*r + 2. Suppose -8 - 27 = -7*b. Suppose -m - 2*m - 23 = 2*n, b*n + 70 = -5*m. Let u = -14 - n. Determine q(u).
2
Let h(x) = 2*x**2 + x**2 - 3 - 2*x**2 + 4*x + 0*x**2. Suppose 35 = -5*p + 5*m, 0*p - 4*m + 19 = -p. What is h(p)?
-6
Suppose -10*i + 4*i + 6 = 0. Let h(d) = 2*d**3 + i - 5*d**3 + 0*d**3 + 0*d**3 - 2*d. Let c be 12/10 - 2/10. Give h(c).
-4
Let d(k) = -k + 3. Let z be (20/35 - 0)*7. Suppose 5*y = -z*a + 36, -4*y + 2*y = 0. Calculate d(a).
-6
Suppose 4*u + 45 = 7*u. Let w = u + -13. Let m(o) = -6*o**3 + o**2 - 5*o - 1. Let v(k) = k**3 + k. Let j(i) = m(i) + 5*v(i). Calculate j(w).
-5
Let p(u) = -u**3 - 8*u**2 - u + 5. Suppose -3*h + 19 = -y + 46, 0 = -2*h + 2*y - 22. Give p(h).
13
Let h(i) be the second derivative of -i**3/6 + 4*i**2 + 23*i + 2. What is h(5)?
3
Let t be ((-28)/(-126))/((-3)/(-54)). Let u(b) = -2*b. What is u(t)?
-8
Let m(t) = -563*t**3 + 2*t**2 + 3*t - 10 + 562*t**3 + 6. What is m(3)?
-4
Let c(y) = 14*y**2 - 6*y + 39. Let d(r) = -5*r**2 + 2*r - 14. Let q(l) = -4*c(l) - 11*d(l). What is q(3)?
-5
Let d(r) be the third derivative of -r**5/60 - r**4/6 + 5*r**3/6 + 3*r**2. Let y be 13/(-52)*8/6*18. Calculate d(y).
-7
Let r(c) = -c**2 - c - 1. Let f(z) = 5*z**2 + 8*z - 1. Let k(y) = f(y) + 4*r(y). Let a = -11 + 7. Determine k(a).
-5
Let f(h) = h**3 + 2 - 3*h**3 + 86*h - 81*h + h**3 - h**2. Suppose -31 = p + 5*o, 10 = -2*p + 3*o - 0. Let r = p - -8. Calculate f(r).
5
Let h(a) = -9*a + 1. Let z(x) = -28*x + 13. Let c(d) = -3*h(d) + z(d). Calculate c(6).
4
Let n(j) = -3*j**3 - j**2 - 2*j - 1. Let z = 1018 + -1019. Give n(z).
3
Let o(s) = 3*s - 20. Let p(g) = 4*g - 25. Let x(v) = -5*o(v) + 4*p(v). Let c = 6 + -12. Calculate x(c).
-6
Let y(n) = -16*n - 5. Let x(u) = 5*u + 2. Let o(i) = -i - 15. Let w be o(-7). Let q(m) = w*x(m) - 3*y(m). Determine q(-1).
-9
Suppose -5*i + 38 = 2*y, 4*y + 0*i - 52 = 2*i. Let x = 13 - y. Let s(a) = 2*a**3 + 1. Give s(x).
-1
Let z = 988 + -985. Let m(l) = -5*l**2 + 0*l**2 + 2*l**3 + 3*l + 3 + 0*l**3. Determine m(z).
21
Let t(p) = -3*p - 5. Suppose 0 = 3*g - 16 - 26. Let j = -18 + g. What is t(j)?
7
Let h(c) = -c**2 - c + 7. Let m be (-75)/(-7) - 18/(-63). Suppose 11*n + 44 = -m. Calculate h(n).
-13
Let y(k) = 6*k**3 - 41*k**2 - 8*k - 70. Let n(v) = -v**3 + 5*v**2 - v + 1. Let a(r) = -5*n(r) - y(r). Calculate a(17).
-3
Let a(r) = -2*r - 20. Let u be a(-10). Suppose -22 + 2 = -5*g, u = -4*f + 3*g. Let z(o) = 2*o**2 + o**3 + 9 + 2*o - 11 - 5*o**2 - o**2. Calculate z(f).
-5
Let s = 323 + -328. Let k(z) = -z**2 - z + 7. What is k(s)?
-13
Let r(l) be the second derivative of l**3/6 + l**2 + 4*l. Let n be 4/(-14) - 2*15/42. Determine r(n).
1
Let z(x) = 11*x**2 - 25*x + 10. Let v(q) = -5*q**2 + 12*q - 5. Let d(f) = -9*v(f) - 4*z(f). Let s be 144/(-6)*(-6)/18. What is d(s)?
5
Let y(h) be the second derivative of -h**6/360 - h**5/120 + h**4/24 + 13*h**3/6 + 2*h. Let b(d) be the second derivative of y(d). What is b(3)?
-11
Let k(h) = -3*h**2 + 5*h - 19. Let x(u) = -u**2 + 2*u - 2. Let c(m) = -k(m) + 4*x(m). What is c(5)?
1
Let z(h) = 1948*h**2 + 4 - 4*h - 975*h**2 - 2 + h - 974*h**2 + h**3. Determine z(1).
-1
Suppose -f + 5 = -5*x, 0 = x + 4*f - 8*f + 1. Let j(w) = -6*w**2 + w + 1. Calculate j(x).
-6
Let q(u) = -2*u + 1. Let o = -11 + 13. Suppose o*s + 4 = -0*s, -5*s - 6 = -t. Give q(t).
9
Let v = -17 + 19. Suppose v*k + 4*y + 9 = 23, -5*k - 5*y = -15. Let q(l) = -3*l**2 - l. Give q(k).
-2
Let k(m) be the first derivative of m**3/3 + 2*m - 190. Determine k(2).
6
Let o(k) = k**3 - 6*k**2 - 8*k - 1. Let n(s) = 6*s + 11. Let y(t) = -t - 1. Let c(a) = -n(a) - 2*y(a). Let v be c(-4). Give o(v).
-8
Let n(l) = -l**3 + 3*l**2 - 4*l - 1. Let j(x) = x**3 - x**2 - 14*x + 27. Let g be j(3). Calculate n(g).
-13
Let f(g) be the third derivative of g**5/60 - g**4/12 - g**3/3 + g**2. Suppose 7*k = 8*k - 2. Determine f(k).
-2
Let j = 8 - 10. Let p(g) = -41*g**2 - 3*g - 44*g**2 - 1 + 84*g**2. What is p(j)?
1
Let x(i) = 3*i**3 - 13*i - 132*i**2 + 11 + 81*i**2 - 4*i**3 + 65*i**2. Give x(13).
11
Let l be (17 - 8) + 4/(-1). Suppose -l*w + 8 = 4*f, -5*w + 0*w - 13 = f. Let v(a) = -a - 3*a + 5*a. Determine v(f).
7
Let t(j) = j**3 + 6*j**2 - 2. Let w(n) be the second derivative of 4*n - 3/2*n**2 - 1/6*n**3 + 0. Let o be w(3). Give t(o).
-2
Let y(m) = 2*m**2 + 1. Suppose 9 = 5*g - 1. Suppose -s - 6 = 4*t + s, 0 = 2*t - g*s. What is y(t)?
3
Suppose -3*c + 14 = -c. Let k(n) = 2*n**2 - 18*n + 17. Let x(j) = -j**2 + 9*j - 8. Let s(r) = 2*k(r) + 5*x(r). What is s(c)?
8
Let r(u) be the second derivative of -u**4/12 + u**3/3 + 3*u**2 + 348*u. Calculate r(-6).
-42
Suppose 0*t - 10 = 5*t + 4*v, 0 = -t + v - 11. Let c(f) = f + 7. What is c(t)?
1
Let x = 13 - 9. Let l(v) = v**2 - 3*v. Let s be l(x). Suppose 3*m = -p - p - s, 5*p = -10. Let t(z) = -z**3 - z**2 + z - 2. Calculate t(m).
-2
Suppose 0 = -19*c + 7*c + 120. Suppose -c*u + 8 = -22. Let h(w) be the second derivative of w**4/12 - 5*w**3/6 + 2*w**2 - 2*w. Give h(u).
-2
Let i = 7 + -19. Let n(y) = y**3 + 12*y**2 + y + 15. Let x be n(i). Let d(z) = -z + 1. Determine d(x).
-2
Let c(d) = d - 4. Let f(n) = 5*n - 15. Let h(a) = 9*c(a) - 2*f(a). Let l(v) = -2*v - 11. Let w(u) = 11*h(u) - 6*l(u). What is w(3)?
3
Let s(f) = -4*f + 15*f - 10*f. Let c(o) = 3*o - 1. Let b(n) = -c(n) + 4*s(n). Determine b(-3).
-2
Let o(x) = -x**3 + 91285*x**2 + 3*x + 1 - 6 - 91276*x**2. Calculate o(9).
22
Let b(u) be the second derivative of 0*u**2 + 2/3*u**3 + 0 + 31*u + 1/12*u**4. Calculate b(-5).
5
Let c(f) be the third derivative of f**8/6720 + f**7/630 + f**6/360 + f**5/60 + 5*f**4/24 - 8*f**2. Let k(a) be the second derivative of c(a). What is k(-3)?
5
Suppose -4 = 166*f - 167*f. Let k(a) = a - 10. Calculate k(f).
-6
Let l be ((-1)/2)/(2/(-8)). Let y(m) be the first derivative of 2*m - 2 + 1/3*m**3 + 7/2*m**l. What is y(-5)?
-8
Let t(d) be the first derivative of -d**4/4 + 4*d**3 - 3*d - 5. Determine t(12).
-3
Let i(q) = q**3 + q. Let j be i(0). Suppose j = 3*y + 15. Let v(x) be the third derivative of -x**4/24 - 5*x**3/6 - x**2. Calculate v(y).
0
Let l = 2 + 4. Let r(b) be the third derivative of b**6/120 - b**5/10 - b**3 + 280*b**2. Give r(l).
-6
Let m(k) = -k + 5. Let r(g) = -2*g + 10. Let n = -45 + 54. Let z(q) = n*m(q) - 4*r(q). Determine z(4).
1
Let s(j) be the third derivative of -j**6/120 + j**5/10 - j**4/24 - 7*j**3/6 + 27*j**2. Suppose 3*a + 2 = -g + 3, 43 = -5*g + a. Let l = -2 - g. Calculate s(l).
-13
Let c(f) = f**2 + 7*f + 8. Let d = 858 + -862. What is c(d)?
-4
Suppose 0 = 11*l - 4*l. Let v(q) = -q**2 - q - 22. Determine v(l).
-22
Suppose 53 = -4*q - 3*y + 89, 0 = q + 2*y - 4. Let a(c) = c**2 - 10*c - 27. Give a(q).
-3
Let o = -74 + 73. Let w(n) = n. Let r(p) = p**2 - 2*p. Let v(a) = o*r(a) - 3*w(a). Calculate v(0).
0
Let k(q) = -25*q**3 + q**2 + q - 2. Let s(c) = -51*c**3 + 2*c**2 + 2*c - 5. Let a(p) = 5*k(p) - 2*s(p). Give a(-1).
23
Let n(v) be the first derivative of v**4/4 - 2*v**3/3 - 3*v + 1. Suppose 5*w = 5*p + 40, p = 6*w - w - 24. Suppose -q - w = -7. Determine n(q).
6
Let p(m) = -m + 1. Let q(v) = -v. Let x be q(-4). Let k be p(x). Let r be 4 - (3 + k)/4. Let u(g) = 2*g - 6. Determine u(r).
2
Let g(s) = s**3 + 2*s - 3. Suppose a - 22 = 4*j, -6*j = -5*a - j + 50. Suppose -4 + 16 = a*k. Calculate g(k).
9
Let z = 14 + -14. Suppose z = 2*u + 40 - 32. Let b(a) = a**3 + 4*a**2 + 3*a + 5. What is b(u)?
-7
Let p(y) be the first derivative of -5*y**2/2 + 1. Let o = 49 - 45. What is p(o)?
-20
Let k(l) = -l**3 - 5*l**2 - 3*l - 2. Let j(r) = 4*r**2 + 9*r + 36. Let z(f) = 3*f**2 + 10*f + 36. Let o(t) = 4*j(t) - 5*z(t). Let m be o(16). Determine k(m).
-6
Let o be (-1 + 3)*(6 + -4). Let x = -10 + 15. Let t(m) = -4*m + 0 + x*m**2 - 4*m**2 + 3. Determine t(o).
3
Let f(y) = 3 - 6 - 2*y**2 + 1 - 12*y + y. Let o be f(-6). Let z(m) = -15*m - 11. Let v(k) = -8*k - 5.